he units digit of l(n)?
6
Suppose -2*x - 4*f - 12 = 0, -4 - 11 = -3*f. Let t = -11 - x. What is the units digit of t?
5
Let t be (-18)/4 - (-4)/8. What is the units digit of ((-2)/(-3))/(t/(-24))?
4
Suppose -41 - 73 = -3*n. What is the tens digit of n?
3
Let b(z) be the third derivative of 1/60*z**5 + 2*z**2 + 0 + 1/12*z**4 + 0*z**3 + 0*z. What is the units digit of b(-4)?
8
Let x = 91 + -30. What is the units digit of x?
1
Suppose -39*l = -40*l + 33. What is the tens digit of l?
3
Let g = 21 - 10. What is the units digit of g?
1
What is the tens digit of 6/4 + (-1287)/(-26)?
5
Let k(r) = r**3 + 7*r**2 + 6*r + 3. Suppose -16 + 11 = c. What is the tens digit of k(c)?
2
Let x(f) = f - 1. What is the units digit of x(6)?
5
Let l = -4 - -1. What is the tens digit of 51 + l + 4 - 4?
4
Let z(w) be the first derivative of 3*w**2 - w + 1. Let g = -36 + 38. What is the units digit of z(g)?
1
Let m(x) = -x**3 - x**2 + x + 2. Let l be m(0). Suppose 3*b - l*b - 12 = 0. What is the units digit of b?
2
Let p(b) = 5*b - 27. What is the tens digit of p(19)?
6
Suppose 0 = 2*s + 3*s + 25. What is the units digit of (-14 + 16)*s/(-2)?
5
Suppose 2*b = -5*t + 24, -2*b - 30 = -4*t - 0*b. Let k(a) = a**2 - 8*a + 9. Let s be k(t). Let g(w) = 2*w**2 + 3*w - 2. What is the units digit of g(s)?
7
Let q = -5 + 8. Suppose 2*t = q*t + 10. Let a(x) = x**2 + 10*x + 8. What is the units digit of a(t)?
8
Let s = 12 - 7. Let t(d) = 2*d - 2. Let j(y) = y - 2. Let v(z) = -6*j(z) + 4*t(z). What is the units digit of v(s)?
4
Let z = 97 - 64. Suppose f + 18 = 3*n, -n + 0*f = 3*f + 4. Suppose z = n*h + 3. What is the units digit of h?
6
Suppose -z - 20 = -s - 6, -2*s - 2 = 4*z. Let t = s - -13. What is the units digit of t?
2
Let d be 1*(3 - -2 - 2). Suppose -4*p - 5*q = -26, q = 3*p + p - 14. Suppose 1 + p = -5*t, -d*o - t + 23 = 0. What is the units digit of o?
8
Let u = 8 - 6. Suppose 0 = -u*n + 5*z + 19, -4*n + 24 = z - 3. What is the units digit of n?
7
Let s = 82 + -56. What is the tens digit of s?
2
Let x be (-2)/(3/(153/(-2))). Suppose -5*z = 11 - x. What is the units digit of z/(-3)*(-18)/8?
6
Let v(f) = -f**3 + 9*f**2 - 2*f - 11. What is the units digit of v(6)?
5
What is the units digit of (3/(-1))/((-36)/24)?
2
Let q = 41 - 4. What is the units digit of q?
7
Let o(u) = -5*u + 3. Let k be o(-6). Suppose 0*v + v - 2 = -2*n, 12 = 5*n - v. Suppose -r = 2*q + 1, -n*r + k = -4*q + q. What is the units digit of r?
9
Suppose -5*x = -2*a + 11, 5*x + 0 = -a - 2. What is the units digit of a?
3
Let r(v) = v**2 - 12*v + 12 - 10 + 12. What is the units digit of r(14)?
2
Let z(j) = j**2 - 2. Let b be z(-2). Let n = 3 - b. Let u = n - 0. What is the units digit of u?
1
Suppose -4*v + 0*j + 438 = 2*j, -3*v + 329 = j. What is the hundreds digit of v?
1
Suppose 3*c + 3 = -18. Let k = c - -6. What is the units digit of k/(1/(-2)) + 3?
5
Let m(s) be the first derivative of -1 + 0*s**2 - 2*s**4 - 1/3*s**3 + 0*s. What is the units digit of m(-1)?
7
Let j be 10 - 1/2*2. What is the units digit of 2 + -5 + 3*j?
4
Suppose 6*y - y - 60 = 0. What is the units digit of (-64)/(-12)*63/y?
8
Let d(x) = x**2 + 5*x + 1. Let p = -21 - -15. What is the units digit of d(p)?
7
Suppose -2*d + 3*d - 2 = 0. Let l(u) = 4 + d*u + 2*u - u**3 + 4*u**2 - 7*u**2 - u**2. What is the units digit of l(-5)?
9
Suppose -10 + 25 = 3*n. Suppose -5*x - 55 - n = 0. What is the units digit of x/(9/(-6) - 0)?
8
Suppose -5*o = -3*o - 6. Suppose -u = -5 + 10, 5*h - o*u - 30 = 0. Suppose -3*w - 27 = -t, 3*w + 38 = h*t - 13. What is the tens digit of t?
1
Suppose 5*f - 85 = 5*y - 9*y, 0 = 3*f + 9. What is the units digit of y?
5
Let q(n) = n**2 + 4*n + 4. Let f be q(-4). Suppose 2*c - f*b = 14, -4*b = c - 9*b - 10. What is the units digit of c?
5
Suppose 8*t = -t + 2835. What is the hundreds digit of t?
3
What is the units digit of (-3)/(-2) - 2/(-4)?
2
Let y(k) = -k**2 + 8*k - 4. Let m be y(6). Let i(c) = -2*c**3 + c**2. Let b be i(1). Let s = m - b. What is the units digit of s?
9
Suppose 0 = -0*z - 3*z - 54. Let d = 29 + z. What is the tens digit of d?
1
Suppose -2*o = n + 28 + 27, 4*n + 190 = -2*o. What is the tens digit of (-356)/(-30) + (-6)/n?
1
Let u(t) = -3*t + 3*t - 2*t. What is the units digit of u(-5)?
0
Suppose n + 66 = 4*n. What is the tens digit of n?
2
Let b be 54/7 + 6/21. Suppose 2*k + 6*h - 5*h - b = 0, -16 = -4*k + 2*h. What is the units digit of k?
4
Let l(t) = t**3 - 6*t**2 + 6*t - 7. Let b be l(5). Let r be b/(-6) + (-16)/(-6). Suppose 12 = r*i - 15. What is the units digit of i?
9
Let f be (6/(-1))/((-3)/2). Suppose -x - f*s = -13, 1 = x - 5*s - 3. What is the units digit of x?
9
Let g(i) = 3*i - 2. Let f(o) = -o + 1. Let z(m) = -4*f(m) - 4*g(m). Let n be z(-4). Suppose 4*s - c = -3*c + n, 4*c = 3*s - 5. What is the units digit of s?
7
Let o be 0 - -1 - 3 - -8. Suppose 0 = 3*g + o, 5*g = -5*h - 0*g + 35. What is the units digit of (h/6)/((-6)/(-32))?
8
What is the hundreds digit of ((-51)/(-12))/(4/96)?
1
Let g = -140 + 204. What is the tens digit of g?
6
Suppose -5*q + 196 - 71 = 0. What is the tens digit of q?
2
Let a(t) = 5*t**2 + 1 - 4 - t**3 + 0*t**3 - t. What is the units digit of a(4)?
9
Suppose 2*w = -2*w + 12. Suppose 5*n + 26 = w*a - 0*n, -2*n + 52 = 4*a. What is the units digit of a?
2
Let d(u) = -u**3 - 12*u**2 + 14*u + 9. What is the units digit of d(-14)?
5
Let k(x) = -x**2 + 11*x + 2. Let u be k(11). Suppose 3*h + 4 = 10. Suppose q = -u*f + 10, -f + 3*q = h*f - 24. What is the units digit of f?
6
Let b(h) = -h**3 - 2*h**2 - 2*h. Let o be b(-2). Suppose -3*y - 16 = -4. Let k = o - y. What is the units digit of k?
8
What is the hundreds digit of -4*3/(-6)*97?
1
What is the units digit of 2 - (10/(-5))/2?
3
Let n be 1 - (-3 - (-3)/1). Let k(z) = 4*z**3 - z**2 + z - 1. What is the units digit of k(n)?
3
Let x = 89 - -8. What is the tens digit of x?
9
Let y = 13 + -8. Let z(h) = h**3 - 3*h**2 - 2*h - 1. Let m be z(y). Suppose -3*c - 5*t = -6*c + m, 0 = c + 4*t - 13. What is the tens digit of c?
1
Suppose 0 = -x + 2*x + 24. What is the tens digit of ((-39)/(-4))/((-9)/x)?
2
Suppose 0*s + s - 11 = 0. Let c = s - 8. What is the units digit of c?
3
Let y = 106 + -74. Let p = 88 - y. What is the tens digit of p?
5
Let s(l) = -8*l**2 - 2*l + 1. Let n be s(-3). Let v = -18 - n. Suppose 2*c - 5*u = 35, -v = 3*c - 8*c - u. What is the tens digit of c?
1
Let u = -32 + 47. Suppose -m + 0*a = a - 15, u = m + 2*a. What is the tens digit of m?
1
Let t = 1 + -1. Suppose -n - 4*z + 8 = z, t = -5*n + 3*z + 40. Let o = -3 + n. What is the units digit of o?
5
Suppose -5*k + 4*f + 23 = -40, 0 = 3*k - 4*f - 33. Let a = k - 5. What is the tens digit of a?
1
Let h be (6/4)/(8/160). Suppose -5*d + 2*i + 2 = -45, -2*d - 2*i + h = 0. What is the units digit of d?
1
Let o(t) = 14*t**2 + t + 1. What is the tens digit of o(-3)?
2
Let n(x) = -x**2 - 7*x - 7. Suppose -8*b + 4*b - 20 = 0. Let v be n(b). Suppose v*p + p = 64. What is the units digit of p?
6
Let p(k) = -k - 1. Let r(o) = o + 2. Let d be r(6). Let a be p(d). What is the units digit of ((-4)/6)/(6/a)?
1
Let f(b) = -8*b - 30. What is the units digit of f(-33)?
4
Suppose 0 = -2*i - 3*j - j + 12, 0 = -5*i + 5*j + 30. Suppose -28 = 5*a - i*a. What is the units digit of a?
8
Let m(a) = -a**2 - 15*a - 14. Let j be m(-10). Suppose i = -2*i - j. Let x = i - -18. What is the units digit of x?
6
Let d be 6 - (0 + (-2 - -3)). Suppose -4 = 2*h - 5*h - d*f, 5*f - 10 = -5*h. Let w = 4 + h. What is the units digit of w?
7
Let w(f) = f**3 - 5*f**2 - 5*f - 5. Let m be w(6). Suppose -2*k - m = 13. Let z(j) = -3*j - 10. What is the tens digit of z(k)?
1
Let y = 9 - 6. Suppose 0 = 2*g + y*p - 18, -g - 4*p = -5*g - 4. Let w = g + 4. What is the units digit of w?
7
Let n be (-275)/(-99) + (-4)/(-18). Suppose 17 = n*a + 5. What is the units digit of a?
4
Suppose 3*n + 40 = 4*d, -5*n + 0*n + 2*d = 48. Let s = n + 15. What is the units digit of s?
7
Let r(u) = -u**3 + 7*u**2 + u - 5. Let j be r(7). Suppose j = -q + 22. What is the units digit of q?
0
Let s(q) = -q**3 + 11*q**2 - q + 14. Let z be s(11). Let g = z - -4. What is the units digit of g?
7
Suppose k - w = 2 - 0, -2*k = w - 13. Suppose j = t - 1, -2*j + k*t - 11 = j. Suppose 0 = -3*q + 3 + j. What is the units digit of q?
2
Let 